{"id":6855,"date":"2026-05-05T14:59:06","date_gmt":"2026-05-05T14:59:06","guid":{"rendered":"https:\/\/bellasartes.edu.py\/?page_id=6855"},"modified":"2026-05-05T16:29:17","modified_gmt":"2026-05-05T16:29:17","slug":"centro-de-arte-digital-cad","status":"publish","type":"page","link":"https:\/\/bellasartes.edu.py\/index.php\/centro-de-arte-digital-cad\/","title":{"rendered":"Centro de Arte Digital (CAD)"},"content":{"rendered":"<p>[et_pb_section fb_built=\u00bb1&#8243; _builder_version=\u00bb4.27.2&#8243; hover_enabled=\u00bb0&#8243; global_colors_info=\u00bb{}\u00bb sticky_enabled=\u00bb0&#8243;][et_pb_row _builder_version=\u00bb4.27.2&#8243; background_size=\u00bbinitial\u00bb background_position=\u00bbtop_left\u00bb background_repeat=\u00bbrepeat\u00bb global_colors_info=\u00bb{}\u00bb][et_pb_column type=\u00bb4_4&#8243; _builder_version=\u00bb4.16&#8243; custom_padding=\u00bb|||\u00bb global_colors_info=\u00bb{}\u00bb custom_padding__hover=\u00bb|||\u00bb][et_pb_text _builder_version=\u00bb4.27.2&#8243; _module_preset=\u00bbdefault\u00bb text_orientation=\u00bbcenter\u00bb global_colors_info=\u00bb{}\u00bb]<\/p>\n<h1><strong>CENTRO DE ARTE DIGITAL (CAD)<\/strong><\/h1>\n<p>[\/et_pb_text][et_pb_image src=\u00bbhttps:\/\/bellasartes.edu.py\/wp-content\/uploads\/2026\/05\/imgi_36_encabezado-v6.jpg\u00bb title_text=\u00bbimgi_36_encabezado-v6&#8243; _builder_version=\u00bb4.27.2&#8243; _module_preset=\u00bbdefault\u00bb global_colors_info=\u00bb{}\u00bb][\/et_pb_image][\/et_pb_column][\/et_pb_row][et_pb_row _builder_version=\u00bb4.27.2&#8243; _module_preset=\u00bbdefault\u00bb global_colors_info=\u00bb{}\u00bb][et_pb_column type=\u00bb4_4&#8243; _builder_version=\u00bb4.27.2&#8243; _module_preset=\u00bbdefault\u00bb global_colors_info=\u00bb{}\u00bb][et_pb_text _builder_version=\u00bb4.27.2&#8243; _module_preset=\u00bbdefault\u00bb global_colors_info=\u00bb{}\u00bb]<\/p>\n<h3 class=\"wp-block-heading\">BArtes: una revista que busca la difusi\u00f3n del arte y cultura<\/h3>\n<p>Esta revista, que surge desde la Direcci\u00f3n de Investigaci\u00f3n y Posgrado del ISBA, creada por la\u00a0Resoluci\u00f3n N.\u00ba 282\/2025, tiene como objetivo principal visibilizar la din\u00e1mica cultural de la comunidad art\u00edstica vinculada a Bellas Artes. BArtes llevar\u00e1 adelante una publicaci\u00f3n impresa cuatrimestral, su distribuci\u00f3n es gratuita.<\/p>\n<p><span class=\"C9DxTc aw5Odc \"><a href=\"mailto:revistabartes@bellasartes.edu.py\">revistabartes@bellasartes.edu.py<\/a><\/span><\/p>\n<p><span>&lt;div style=\u00bbtext-align:left;\u00bb&gt;&lt;div style=\u00bbmargin:8px 0px 4px;\u00bb&gt;&lt;a href=\u00bbhttps:\/\/www.calameo.com\/books\/008216841bf3a28dd5f3d\u00bb target=\u00bb_blank\u00bb&gt;Revista Bartes&lt;\/a&gt;&lt;\/div&gt;&lt;iframe src=\u00bb\/\/v.calameo.com\/?bkcode=008216841bf3a28dd5f3d&amp;mode=mini\u00bb\u00a0 height=\u00bb700&#8243; frameborder=\u00bb0&#8243; scrolling=\u00bbno\u00bb allowtransparency allowfullscreen style=\u00bbmargin:0 auto;\u00bb&gt;&lt;\/iframe&gt;&lt;div style=\u00bbmargin:4px 0px 8px;\u00bb&gt;&lt;a href=\u00bbhttp:\/\/www.calameo.com\/\u00bb target=\u00bb_blank\u00bb&gt;Leer m\u00e1s publicaciones en Calam\u00e9o&lt;\/a&gt;&lt;\/div&gt;&lt;\/div&gt;<\/span><\/p>\n<p><a class=\"XqQF9c\" href=\"mailto:revistabartes@bellasartes.edu.py\" target=\"_blank\" rel=\"noopener\"><\/a><\/p>\n<p>[\/et_pb_text][\/et_pb_column][\/et_pb_row][et_pb_row column_structure=\u00bb1_2,1_2&#8243; _builder_version=\u00bb4.27.2&#8243; _module_preset=\u00bbdefault\u00bb global_colors_info=\u00bb{}\u00bb][et_pb_column type=\u00bb1_2&#8243; _builder_version=\u00bb4.27.2&#8243; _module_preset=\u00bbdefault\u00bb global_colors_info=\u00bb{}\u00bb][et_pb_code _builder_version=\u00bb4.27.2&#8243; _module_preset=\u00bbdefault\u00bb global_colors_info=\u00bb{}\u00bb custom_padding=\u00bb182px|||||\u00bb]<\/p>\n<div style=\"text-align:left;\">\n<div style=\"margin:8px 0px 4px;\"><a href=\"https:\/\/www.calameo.com\/books\/008216841bf3a28dd5f3d\" target=\"_blank\">Revista Bartes<\/a><\/div>\n<p><iframe loading=\"lazy\" src=\"\/\/v.calameo.com\/?bkcode=008216841bf3a28dd5f3d&#038;mode=mini\" width=\"480\" height=\"300\" frameborder=\"0\" scrolling=\"no\" allowtransparency allowfullscreen style=\"margin:0 auto;\"><\/iframe><\/p>\n<div style=\"margin:4px 0px 8px;\"><a href=\"http:\/\/www.calameo.com\/\" target=\"_blank\">Leer m\u00e1s publicaciones en Calam\u00e9o<\/a><\/div>\n<\/div>\n<p>[\/et_pb_code][\/et_pb_column][et_pb_column type=\u00bb1_2&#8243; _builder_version=\u00bb4.27.2&#8243; _module_preset=\u00bbdefault\u00bb global_colors_info=\u00bb{}\u00bb][et_pb_code _builder_version=\u00bb4.27.2&#8243; _module_preset=\u00bbdefault\u00bb global_colors_info=\u00bb{}\u00bb]<\/p>\n<div style=\"text-align:left;\">\n<div style=\"margin:8px 0px 4px;\"><a href=\"https:\/\/www.calameo.com\/books\/00821684180ed4ae14ca2\" target=\"_blank\">Revista Bartes 2<\/a><\/div>\n<p><iframe loading=\"lazy\" src=\"\/\/v.calameo.com\/?bkcode=00821684180ed4ae14ca2&#038;mode=mini\" width=\"480\" height=\"300\" frameborder=\"0\" scrolling=\"no\" allowtransparency allowfullscreen style=\"margin:0 auto;\"><\/iframe><\/p>\n<div style=\"margin:4px 0px 8px;\"><a href=\"http:\/\/www.calameo.com\/\" target=\"_blank\">Leer m\u00e1s publicaciones en Calam\u00e9o<\/a><\/div>\n<\/div>\n<p>[\/et_pb_code][\/et_pb_column][\/et_pb_row][\/et_pb_section]<\/p>\n","protected":false},"excerpt":{"rendered":"<p>CENTRO DE ARTE DIGITAL (CAD)BArtes: una revista que busca la difusi\u00f3n del arte y cultura Esta revista, que surge desde la Direcci\u00f3n de Investigaci\u00f3n y Posgrado del ISBA, creada por la\u00a0Resoluci\u00f3n N.\u00ba 282\/2025, tiene como objetivo principal visibilizar la din\u00e1mica cultural de la comunidad art\u00edstica vinculada a Bellas Artes. BArtes llevar\u00e1 adelante una publicaci\u00f3n impresa [&hellip;]<\/p>\n","protected":false},"author":3,"featured_media":6857,"parent":0,"menu_order":0,"comment_status":"closed","ping_status":"closed","template":"","meta":{"_et_pb_use_builder":"on","_et_pb_old_content":"<!-- wp:image {\"id\":6857,\"sizeSlug\":\"large\",\"linkDestination\":\"none\"} -->\n<figure class=\"wp-block-image size-large\"><img src=\"http:\/\/bellasartes.edu.py\/wp-content\/uploads\/2026\/05\/imgi_36_encabezado-v6-1024x203.jpg\" alt=\"\" class=\"wp-image-6857\"\/><\/figure>\n<!-- \/wp:image -->\n\n<!-- wp:heading {\"level\":3} -->\n<h3 class=\"wp-block-heading\">BArtes: una revista que busca la difusi\u00f3n del arte y cultura<\/h3>\n<!-- \/wp:heading -->\n\n<!-- wp:paragraph -->\n<p>Esta revista, que surge desde la Direcci\u00f3n de Investigaci\u00f3n y Posgrado del ISBA, creada por la&nbsp;Resoluci\u00f3n N.\u00ba 282\/2025, tiene como objetivo principal visibilizar la din\u00e1mica cultural de la comunidad art\u00edstica vinculada a Bellas Artes. BArtes llevar\u00e1 adelante una publicaci\u00f3n impresa cuatrimestral, su distribuci\u00f3n es gratuita.<\/p>\n<!-- \/wp:paragraph -->\n\n<!-- wp:code -->\n<pre class=\"wp-block-code\"><code>&#91;calameo code=00821684180ed4ae14ca2 mode=mini clickto=view clicktarget=_self width=480 height=300]<\/code><\/pre>\n<!-- \/wp:code -->\n\n<!-- wp:code -->\n<pre class=\"wp-block-code\"><code>&#91;calameo code=008216841bf3a28dd5f3d mode=mini width=480 height=300]<\/code><\/pre>\n<!-- \/wp:code -->\n\n<!-- wp:embed {\"url\":\"https:\/\/www.calameo.com\/books\/00821684180ed4ae14ca2\",\"type\":\"wp-embed\",\"providerNameSlug\":\"calam-o\"} -->\n<figure class=\"wp-block-embed is-type-wp-embed is-provider-calam-o wp-block-embed-calam-o\"><div class=\"wp-block-embed__wrapper\">\nhttps:\/\/www.calameo.com\/books\/00821684180ed4ae14ca2\n<\/div><\/figure>\n<!-- \/wp:embed -->","_et_gb_content_width":"","inline_featured_image":false,"footnotes":""},"class_list":["post-6855","page","type-page","status-publish","has-post-thumbnail","hentry"],"yoast_head":"<!-- This site is optimized with the Yoast SEO plugin v27.5 - https:\/\/yoast.com\/product\/yoast-seo-wordpress\/ -->\n<title>Centro de Arte Digital (CAD) - Instituto Superior de Bellas Artes<\/title>\n<meta name=\"description\" content=\"Centro de Arte Digital del ISBA: el espacio oficial para acceder a la revista BArtes, investigaciones y obras de nuestra comunidad.\" \/>\n<meta name=\"robots\" content=\"index, follow, max-snippet:-1, max-image-preview:large, max-video-preview:-1\" \/>\n<link rel=\"canonical\" href=\"https:\/\/bellasartes.edu.py\/index.php\/centro-de-arte-digital-cad\/\" \/>\n<meta property=\"og:locale\" content=\"es_ES\" \/>\n<meta property=\"og:type\" content=\"article\" \/>\n<meta property=\"og:title\" content=\"Centro de Arte Digital (CAD) - Instituto Superior de Bellas Artes\" \/>\n<meta property=\"og:description\" content=\"Centro de Arte Digital del ISBA: el espacio oficial para acceder a la revista BArtes, investigaciones y obras de nuestra comunidad.\" \/>\n<meta property=\"og:url\" content=\"https:\/\/bellasartes.edu.py\/index.php\/centro-de-arte-digital-cad\/\" \/>\n<meta property=\"og:site_name\" content=\"Instituto Superior de Bellas Artes\" \/>\n<meta property=\"article:publisher\" content=\"https:\/\/www.facebook.com\/isbaoficial\" \/>\n<meta property=\"article:modified_time\" content=\"2026-05-05T16:29:17+00:00\" \/>\n<meta property=\"og:image\" content=\"http:\/\/bellasartes.edu.py\/wp-content\/uploads\/2026\/05\/imgi_36_encabezado-v6.jpg\" \/>\n\t<meta property=\"og:image:width\" content=\"2560\" \/>\n\t<meta property=\"og:image:height\" content=\"507\" \/>\n\t<meta property=\"og:image:type\" content=\"image\/jpeg\" \/>\n<meta name=\"twitter:card\" content=\"summary_large_image\" \/>\n<meta name=\"twitter:label1\" content=\"Tiempo de lectura\" \/>\n\t<meta name=\"twitter:data1\" content=\"2 minutos\" \/>\n<script type=\"application\/ld+json\" class=\"yoast-schema-graph\">{\"@context\":\"https:\\\/\\\/schema.org\",\"@graph\":[{\"@type\":\"WebPage\",\"@id\":\"https:\\\/\\\/bellasartes.edu.py\\\/index.php\\\/centro-de-arte-digital-cad\\\/\",\"url\":\"https:\\\/\\\/bellasartes.edu.py\\\/index.php\\\/centro-de-arte-digital-cad\\\/\",\"name\":\"Centro de Arte Digital (CAD) - Instituto Superior de Bellas Artes\",\"isPartOf\":{\"@id\":\"https:\\\/\\\/bellasartes.edu.py\\\/#website\"},\"primaryImageOfPage\":{\"@id\":\"https:\\\/\\\/bellasartes.edu.py\\\/index.php\\\/centro-de-arte-digital-cad\\\/#primaryimage\"},\"image\":{\"@id\":\"https:\\\/\\\/bellasartes.edu.py\\\/index.php\\\/centro-de-arte-digital-cad\\\/#primaryimage\"},\"thumbnailUrl\":\"https:\\\/\\\/bellasartes.edu.py\\\/wp-content\\\/uploads\\\/2026\\\/05\\\/imgi_36_encabezado-v6.jpg\",\"datePublished\":\"2026-05-05T14:59:06+00:00\",\"dateModified\":\"2026-05-05T16:29:17+00:00\",\"description\":\"Centro de Arte Digital del ISBA: el espacio oficial para acceder a la revista BArtes, investigaciones y obras de nuestra comunidad.\",\"breadcrumb\":{\"@id\":\"https:\\\/\\\/bellasartes.edu.py\\\/index.php\\\/centro-de-arte-digital-cad\\\/#breadcrumb\"},\"inLanguage\":\"es\",\"potentialAction\":[{\"@type\":\"ReadAction\",\"target\":[\"https:\\\/\\\/bellasartes.edu.py\\\/index.php\\\/centro-de-arte-digital-cad\\\/\"]}]},{\"@type\":\"ImageObject\",\"inLanguage\":\"es\",\"@id\":\"https:\\\/\\\/bellasartes.edu.py\\\/index.php\\\/centro-de-arte-digital-cad\\\/#primaryimage\",\"url\":\"https:\\\/\\\/bellasartes.edu.py\\\/wp-content\\\/uploads\\\/2026\\\/05\\\/imgi_36_encabezado-v6.jpg\",\"contentUrl\":\"https:\\\/\\\/bellasartes.edu.py\\\/wp-content\\\/uploads\\\/2026\\\/05\\\/imgi_36_encabezado-v6.jpg\",\"width\":2560,\"height\":507},{\"@type\":\"BreadcrumbList\",\"@id\":\"https:\\\/\\\/bellasartes.edu.py\\\/index.php\\\/centro-de-arte-digital-cad\\\/#breadcrumb\",\"itemListElement\":[{\"@type\":\"ListItem\",\"position\":1,\"name\":\"Home\",\"item\":\"https:\\\/\\\/bellasartes.edu.py\\\/\"},{\"@type\":\"ListItem\",\"position\":2,\"name\":\"Centro de Arte Digital (CAD)\"}]},{\"@type\":\"WebSite\",\"@id\":\"https:\\\/\\\/bellasartes.edu.py\\\/#website\",\"url\":\"https:\\\/\\\/bellasartes.edu.py\\\/\",\"name\":\"Instituto Superior de Bellas Artes\",\"description\":\"\",\"publisher\":{\"@id\":\"https:\\\/\\\/bellasartes.edu.py\\\/#organization\"},\"potentialAction\":[{\"@type\":\"SearchAction\",\"target\":{\"@type\":\"EntryPoint\",\"urlTemplate\":\"https:\\\/\\\/bellasartes.edu.py\\\/?s={search_term_string}\"},\"query-input\":{\"@type\":\"PropertyValueSpecification\",\"valueRequired\":true,\"valueName\":\"search_term_string\"}}],\"inLanguage\":\"es\"},{\"@type\":\"Organization\",\"@id\":\"https:\\\/\\\/bellasartes.edu.py\\\/#organization\",\"name\":\"Instituto Superior de Bellas Artes\",\"url\":\"https:\\\/\\\/bellasartes.edu.py\\\/\",\"logo\":{\"@type\":\"ImageObject\",\"inLanguage\":\"es\",\"@id\":\"https:\\\/\\\/bellasartes.edu.py\\\/#\\\/schema\\\/logo\\\/image\\\/\",\"url\":\"https:\\\/\\\/bellasartes.edu.py\\\/wp-content\\\/uploads\\\/2024\\\/03\\\/cropped-imagenes-y-logos_Mesa-de-trabajo-1.png\",\"contentUrl\":\"https:\\\/\\\/bellasartes.edu.py\\\/wp-content\\\/uploads\\\/2024\\\/03\\\/cropped-imagenes-y-logos_Mesa-de-trabajo-1.png\",\"width\":512,\"height\":512,\"caption\":\"Instituto Superior de Bellas Artes\"},\"image\":{\"@id\":\"https:\\\/\\\/bellasartes.edu.py\\\/#\\\/schema\\\/logo\\\/image\\\/\"},\"sameAs\":[\"https:\\\/\\\/www.facebook.com\\\/isbaoficial\",\"https:\\\/\\\/www.instagram.com\\\/bellasartes.py\\\/\",\"https:\\\/\\\/www.linkedin.com\\\/school\\\/74351323\\\/admin\\\/feed\\\/posts\\\/\"]}]}<\/script>\n<!-- \/ Yoast SEO plugin. -->","yoast_head_json":{"title":"Centro de Arte Digital (CAD) - Instituto Superior de Bellas Artes","description":"Centro de Arte Digital del ISBA: el espacio oficial para acceder a la revista BArtes, investigaciones y obras de nuestra comunidad.","robots":{"index":"index","follow":"follow","max-snippet":"max-snippet:-1","max-image-preview":"max-image-preview:large","max-video-preview":"max-video-preview:-1"},"canonical":"https:\/\/bellasartes.edu.py\/index.php\/centro-de-arte-digital-cad\/","og_locale":"es_ES","og_type":"article","og_title":"Centro de Arte Digital (CAD) - Instituto Superior de Bellas Artes","og_description":"Centro de Arte Digital del ISBA: el espacio oficial para acceder a la revista BArtes, investigaciones y obras de nuestra comunidad.","og_url":"https:\/\/bellasartes.edu.py\/index.php\/centro-de-arte-digital-cad\/","og_site_name":"Instituto Superior de Bellas Artes","article_publisher":"https:\/\/www.facebook.com\/isbaoficial","article_modified_time":"2026-05-05T16:29:17+00:00","og_image":[{"width":2560,"height":507,"url":"http:\/\/bellasartes.edu.py\/wp-content\/uploads\/2026\/05\/imgi_36_encabezado-v6.jpg","type":"image\/jpeg"}],"twitter_card":"summary_large_image","twitter_misc":{"Tiempo de lectura":"2 minutos"},"schema":{"@context":"https:\/\/schema.org","@graph":[{"@type":"WebPage","@id":"https:\/\/bellasartes.edu.py\/index.php\/centro-de-arte-digital-cad\/","url":"https:\/\/bellasartes.edu.py\/index.php\/centro-de-arte-digital-cad\/","name":"Centro de Arte Digital (CAD) - Instituto Superior de Bellas Artes","isPartOf":{"@id":"https:\/\/bellasartes.edu.py\/#website"},"primaryImageOfPage":{"@id":"https:\/\/bellasartes.edu.py\/index.php\/centro-de-arte-digital-cad\/#primaryimage"},"image":{"@id":"https:\/\/bellasartes.edu.py\/index.php\/centro-de-arte-digital-cad\/#primaryimage"},"thumbnailUrl":"https:\/\/bellasartes.edu.py\/wp-content\/uploads\/2026\/05\/imgi_36_encabezado-v6.jpg","datePublished":"2026-05-05T14:59:06+00:00","dateModified":"2026-05-05T16:29:17+00:00","description":"Centro de Arte Digital del ISBA: el espacio oficial para acceder a la revista BArtes, investigaciones y obras de nuestra comunidad.","breadcrumb":{"@id":"https:\/\/bellasartes.edu.py\/index.php\/centro-de-arte-digital-cad\/#breadcrumb"},"inLanguage":"es","potentialAction":[{"@type":"ReadAction","target":["https:\/\/bellasartes.edu.py\/index.php\/centro-de-arte-digital-cad\/"]}]},{"@type":"ImageObject","inLanguage":"es","@id":"https:\/\/bellasartes.edu.py\/index.php\/centro-de-arte-digital-cad\/#primaryimage","url":"https:\/\/bellasartes.edu.py\/wp-content\/uploads\/2026\/05\/imgi_36_encabezado-v6.jpg","contentUrl":"https:\/\/bellasartes.edu.py\/wp-content\/uploads\/2026\/05\/imgi_36_encabezado-v6.jpg","width":2560,"height":507},{"@type":"BreadcrumbList","@id":"https:\/\/bellasartes.edu.py\/index.php\/centro-de-arte-digital-cad\/#breadcrumb","itemListElement":[{"@type":"ListItem","position":1,"name":"Home","item":"https:\/\/bellasartes.edu.py\/"},{"@type":"ListItem","position":2,"name":"Centro de Arte Digital (CAD)"}]},{"@type":"WebSite","@id":"https:\/\/bellasartes.edu.py\/#website","url":"https:\/\/bellasartes.edu.py\/","name":"Instituto Superior de Bellas Artes","description":"","publisher":{"@id":"https:\/\/bellasartes.edu.py\/#organization"},"potentialAction":[{"@type":"SearchAction","target":{"@type":"EntryPoint","urlTemplate":"https:\/\/bellasartes.edu.py\/?s={search_term_string}"},"query-input":{"@type":"PropertyValueSpecification","valueRequired":true,"valueName":"search_term_string"}}],"inLanguage":"es"},{"@type":"Organization","@id":"https:\/\/bellasartes.edu.py\/#organization","name":"Instituto Superior de Bellas Artes","url":"https:\/\/bellasartes.edu.py\/","logo":{"@type":"ImageObject","inLanguage":"es","@id":"https:\/\/bellasartes.edu.py\/#\/schema\/logo\/image\/","url":"https:\/\/bellasartes.edu.py\/wp-content\/uploads\/2024\/03\/cropped-imagenes-y-logos_Mesa-de-trabajo-1.png","contentUrl":"https:\/\/bellasartes.edu.py\/wp-content\/uploads\/2024\/03\/cropped-imagenes-y-logos_Mesa-de-trabajo-1.png","width":512,"height":512,"caption":"Instituto Superior de Bellas Artes"},"image":{"@id":"https:\/\/bellasartes.edu.py\/#\/schema\/logo\/image\/"},"sameAs":["https:\/\/www.facebook.com\/isbaoficial","https:\/\/www.instagram.com\/bellasartes.py\/","https:\/\/www.linkedin.com\/school\/74351323\/admin\/feed\/posts\/"]}]}},"jetpack_sharing_enabled":true,"_links":{"self":[{"href":"https:\/\/bellasartes.edu.py\/index.php\/wp-json\/wp\/v2\/pages\/6855","targetHints":{"allow":["GET"]}}],"collection":[{"href":"https:\/\/bellasartes.edu.py\/index.php\/wp-json\/wp\/v2\/pages"}],"about":[{"href":"https:\/\/bellasartes.edu.py\/index.php\/wp-json\/wp\/v2\/types\/page"}],"author":[{"embeddable":true,"href":"https:\/\/bellasartes.edu.py\/index.php\/wp-json\/wp\/v2\/users\/3"}],"replies":[{"embeddable":true,"href":"https:\/\/bellasartes.edu.py\/index.php\/wp-json\/wp\/v2\/comments?post=6855"}],"version-history":[{"count":13,"href":"https:\/\/bellasartes.edu.py\/index.php\/wp-json\/wp\/v2\/pages\/6855\/revisions"}],"predecessor-version":[{"id":6877,"href":"https:\/\/bellasartes.edu.py\/index.php\/wp-json\/wp\/v2\/pages\/6855\/revisions\/6877"}],"wp:featuredmedia":[{"embeddable":true,"href":"https:\/\/bellasartes.edu.py\/index.php\/wp-json\/wp\/v2\/media\/6857"}],"wp:attachment":[{"href":"https:\/\/bellasartes.edu.py\/index.php\/wp-json\/wp\/v2\/media?parent=6855"}],"curies":[{"name":"wp","href":"https:\/\/api.w.org\/{rel}","templated":true}]}}